 of k(1)?
1
Suppose -5*p + 19 = -6. Let x = p - -11. What is the units digit of x?
6
Let g(t) = -3*t + 4. What is the tens digit of g(-5)?
1
Let k(t) = 4*t**2 - 12*t + 33. What is the hundreds digit of k(6)?
1
Let y(o) = o + 8. Let a = -5 + -1. Let z be y(a). Let w = z - 1. What is the units digit of w?
1
Let s = -112 - -310. What is the hundreds digit of s?
1
Suppose -5*p + f + 44 = 0, 2*f = 4*p + 7*f - 41. What is the units digit of p?
9
Let p(g) = 10*g. Let m = -15 - -17. What is the units digit of p(m)?
0
Suppose k - 11 = -4*y + 5, 4*k - 144 = 4*y. What is the units digit of k?
2
Let l = -3 - -26. Suppose 4*a + 19 = o - 2, 0 = o - 3*a - l. Suppose 0 = -5*t - 2*j + 60, -3*j - 5 = 2*t - o. What is the units digit of t?
2
Let k(t) = t**3 - 8*t**2 + 2*t - 4. Suppose 2 = w - 3*q, -5*w - q = 2*q - 46. What is the tens digit of k(w)?
1
Let n be 2/(-12)*-3*-4. What is the units digit of 3 - 26/(-2) - n?
8
Let c = 132 + -28. What is the tens digit of c?
0
Let d(j) = -j**2 + 4*j + 1. Let n be d(3). Let s = -4 + n. What is the units digit of (-15)/(-3) - (1 - s)?
4
Suppose 0 = -3*o + 6*o - 2*f - 243, -o + 92 = 3*f. What is the units digit of o?
3
Let f = 2 + -2. Suppose f = 4*q - q - 57. What is the tens digit of q?
1
Let q(u) = 22*u + 10. What is the hundreds digit of q(5)?
1
Let u(v) = v**2 + 6*v + 12. Let i be u(-13). Suppose -3*r + 0*r + i = 5*m, 8 = -2*r. What is the units digit of m?
3
Let p be (-8 + 0)*(-14)/8. Suppose 64 - p = c. What is the tens digit of c?
5
Let h = 11 - -7. Let t = h - 4. What is the units digit of t?
4
Let a be 2*-2*(-5)/4. Suppose 70 = r + r + a*q, 2*r = q + 58. What is the units digit of r?
0
Let y(w) = -4*w - 3 + w**2 + 3*w**2 - 5*w**2. What is the units digit of y(-2)?
1
Suppose 0 = p - 55. What is the units digit of p?
5
Let v(l) = -5*l + 3 - 2 + 2*l - 7. What is the units digit of v(-10)?
4
Let q(p) = -p**2 - 7*p + 2. Let s be q(-7). Suppose -2*r + o + s*o = 0, 5*o = -2*r - 32. What is the units digit of 3/(r/4)*-2?
4
Let b(n) = 2*n**3 - n + 1. Let d = 3 - 2. Let o(j) = j**3 - j**2 + 1. Let x be o(d). What is the units digit of b(x)?
2
Let h be -12 - 0 - (-6 + 3). Let l be 6/(-4)*12/h. Suppose 0 = -6*p + l*p + 48. What is the tens digit of p?
1
Suppose -2*i + 7*h - 2*h + 6 = 0, -4*i = -3*h - 26. Let d(j) = -9*j**2 + 3*j - 11*j + 7 - i*j**3 + 7*j**3. What is the units digit of d(-8)?
7
Let b = -1 - -2. Let h = b - -2. Suppose 3 = a - h. What is the units digit of a?
6
What is the tens digit of (-214)/(-4*1/2)?
0
Let c(k) = k**3 - 7*k**2 + 8*k - 6. Let d(b) = -b**2 - b + 6. Let t be d(0). Let h be c(t). What is the units digit of 1/2 - (-57)/h?
0
Let p = -21 - -12. Let v(d) = d**3 + 9*d**2 + 9. What is the units digit of v(p)?
9
Let z = 29 - 13. Let s be 8/28 + (-4)/14. Suppose -2*n = -2*d - d - 36, s = -n + d + z. What is the tens digit of n?
1
Suppose 2*x - 4*h - 4 = -0, -4*x - 4*h = -8. What is the units digit of 1 - (-14)/x - -2?
0
Let g(x) = x**2 - 5*x + 6. Let n be g(4). Let l be (-1 - 0)/(n/(-4)). Suppose 2*f = 5*i - 4, 0*f = f - l*i + 1. What is the units digit of f?
3
Let q(r) = r + 7. Let l be q(-3). Suppose -15 = -5*v - 0, 2*s + l*v + 6 = 0. What is the units digit of (-6)/27 - 83/s?
9
Let f(c) = -4*c + 1. Let o be f(1). Let m(j) = -2*j**2 - 2*j - 2. Let v be m(o). What is the units digit of (12/v)/((-2)/14)?
6
Let d = 3 - 0. Let q be 3/4*(d - -21). What is the units digit of q/15*15/6?
3
Suppose 27 + 45 = 2*t. What is the units digit of t?
6
Suppose -4*g + 256 = 3*y, 0 = 2*g + 15 - 5. Suppose 4*q - 110 - 18 = -5*m, 4*q - 4*m - y = 0. Let a = q + -11. What is the tens digit of a?
1
Let d(r) = -r**3 - 7*r**2 - 8*r - 7. What is the units digit of d(-6)?
5
Suppose u + 9 = 4*u. Suppose 3*x = u*f - 8*f + 104, -5*f + 118 = -4*x. Suppose -3*n = -5*n + f. What is the units digit of n?
1
What is the units digit of (-40)/(-6)*42/28?
0
Suppose 1 = 3*r - 2. Let o be r/3 - (-2)/3. What is the units digit of o + (-2 - (-6)/3)?
1
Let r = -7 - -31. What is the tens digit of r?
2
Let p = -4 + 5. Let f be ((-49)/(-21))/(p/9). Suppose 5*d - 29 = f. What is the units digit of d?
0
Suppose -48 = z - 5*z. What is the units digit of z?
2
Suppose 0 = 6*d - d - 585. What is the hundreds digit of d?
1
Let u(r) = -r + 5. Let n be u(6). Let q = 7 - n. What is the units digit of q?
8
Suppose -4*y + 13 = -3. Suppose -y*z + 55 = 5*n, 5 = -4*n + 1. Suppose -4*o - 38 = -3*a, z = 5*a + 3*o - 0*o. What is the units digit of a?
6
Let o = 2 - 2. Let k = o + 9. Suppose v - k = -4. What is the units digit of v?
5
Let t = 0 - 0. Suppose 0 = -t*a - a + 16. What is the tens digit of a?
1
Let a = -41 + 26. Let r = a + 7. Let x = 13 + r. What is the units digit of x?
5
Let b be (-6)/((9/6)/(-1)). Let h = 6 - b. What is the units digit of h?
2
Suppose 7 = -3*i + 49. Let k be 76/i - (-6)/(-14). Suppose 2*x - 26 - 4 = 2*l, 3 = -x - k*l. What is the units digit of x?
2
Suppose 4*w - 21 = -5*j, 0 = -5*j + 3*w - 0*w + 28. Suppose j*u + 10 = -3*d, -3*d - 3 = 4*u + 8. What is the tens digit of 16 + 0 + 0/u?
1
Let s = -17 + 32. What is the units digit of s?
5
Let r be 2/(-4)*(-4 - -16). What is the units digit of r/(-9) + 266/6?
5
Let m(x) = -1 - 2*x + 0 - x + x. What is the units digit of m(-1)?
1
Suppose -5*u + 304 = 54. What is the tens digit of u?
5
Suppose r = 4*g - 14, 4*g - 2*r = 21 - 5. Let q = g + -2. What is the units digit of q?
1
Let a = 3 - -25. Suppose 3*c = c + a. Let i = -2 + c. What is the units digit of i?
2
Suppose 2*h - 22 = -0. Suppose 0 = -v + 2*v - h. What is the tens digit of v?
1
Suppose h - 31 = -2*j, -h + 0*h = -4*j - 13. Suppose 3*r + r + 2*t = 28, -3*t = 4*r - 32. What is the units digit of 6*(h/2)/r?
5
Suppose -3*f + 2*w = -133 + 8, 4*f + w = 152. What is the tens digit of f?
3
Let d = -4 + 9. Suppose 0*y - d*y + 48 = 4*q, -12 = -2*y - 4*q. What is the units digit of y?
2
Let r(x) = x**2 + 3*x - 12. What is the units digit of r(-8)?
8
Let k = -37 + 72. What is the tens digit of k?
3
Let i(r) = 2*r**2 - 10*r. Let c(l) = -l**2 + 5*l. Let u be (-4)/10 + 48/20. Let x(s) = u*i(s) + 5*c(s). What is the units digit of x(4)?
4
Suppose 5*j = 2*s + 36, -5*j + 3*s = 5*s - 24. Suppose -j*z = -3*z - l - 25, -2*l + 60 = 5*z. Let y = -8 + z. What is the units digit of y?
2
Suppose 4*h - 20 = -x, -5*h + 0*x - 5*x + 25 = 0. Suppose 0 = -j + h*n + 32, n - 1 = j - 13. What is the units digit of j/14*(25 + 1)?
3
Let l be ((-3)/6)/((-1)/(-4)). Suppose 0 = 7*f - 8*f + 12. Let a = l + f. What is the tens digit of a?
1
Let p = -98 + 177. What is the units digit of p?
9
Suppose 0 = 2*n - 3*n + 6. Let c(w) = 7*w - 4. Let a(x) = -6*x + 4. Let v(k) = -5*a(k) - 4*c(k). What is the units digit of v(n)?
8
Suppose 7*y - 363 = 372. What is the hundreds digit of y?
1
Let y = -4 + 8. What is the units digit of (-1)/(y/(-148))*1?
7
Let w = -7 + 11. Suppose -w*a + 3*a + 26 = 0. What is the units digit of a?
6
Suppose 2*d - 48 = -2*h, -d - 3*h - 2*h + 40 = 0. What is the units digit of d?
0
Let k = 17 - 12. Suppose -4*f - f + 109 = -3*w, -33 = w - k*f. Let a = w + 55. What is the tens digit of a?
1
What is the tens digit of (-89)/((5/2)/(-5))?
7
What is the units digit of (2/1 - -7) + -1?
8
Suppose 2*t + 2*t - 8 = 0, 4*w - 3*t = -242. Let k = w - -85. What is the tens digit of k?
2
Let j = -43 - -96. What is the units digit of j?
3
Suppose 0 = -4*j - u + 589, 2*j - 5*u - 16 = 273. What is the hundreds digit of j?
1
Let g be 8*-2*1 + 4. What is the units digit of -1 - -10 - 0/g?
9
Let o = 115 - 101. What is the units digit of o?
4
Let c be (13 - 13)/(-1 + 0). Suppose c*b + 4*b - 136 = 0. What is the tens digit of b?
3
Suppose 14*r = -3*r + 4199. What is the units digit of r?
7
Let j = -15 - -15. Suppose 5*i = 36 + 9. Let r = i + j. What is the units digit of r?
9
Let f(x) = x**3 + 10*x**2 + x + 12. Let j be f(-10). Let t(n) = n - 3*n - 2*n**3 + 3*n**3 + 1 - n**2. What is the units digit of t(j)?
1
Suppose -3*a = 0, 4*s - a - 20 = 3*a. Suppose -w - 4*w + 67 = 4*i, -s*i + 87 = 3*w. What is the units digit of i?
8
Let o = 28 - 17. Suppose j + 5 = y, -5*y - 5*j = -2*j - 17. Suppose 5*f = -y*p + 2*p + 29, -2*p - o = -3*f. What is the units digit of f?
5
Suppose 43 = n - 3*g - 42, -5*g = -10. What is the tens digit of n?
9
Let j = 4 - 2. Suppose j*l - 57 = -1. Let m = 